[{"id":"81d44697-21af-4726-a478-5ae042c5d08c","label":"Marrones C\u00e1lidos","items":[{"id":"c8d67491-7802-4783-967d-dfb38b3a2125","name":"Marron Glac\u00e9s - 5.32 Casta\u00f1o Claro Dorado Irisado","href":"https:\/\/www.alfaparfmilanopro.com\/cr-es\/color-forma\/productos\/color-wear\/castanos-calidos\/marron-glaces\/marron-glaces-532-castano-claro","asset":{"alt":null,"lowres":"\/sites\/default\/files\/styles\/lowres\/public\/media-image-p\/apm_colorwear_PF019805.png.webp?itok=DHNypYTp","srcset":["\/sites\/default\/files\/media-image-p\/apm_colorwear_PF019805.png"],"src":"\/sites\/default\/files\/media-image-p\/apm_colorwear_PF019805.png","width":"1000","height":"1000","type":"image"}},{"id":"283eb9ea-0319-47c9-a8f5-bc2327cb99ad","name":"Marron Glac\u00e9s - 6.32 Rubio Oscuro Dorado Irisado","href":"https:\/\/www.alfaparfmilanopro.com\/cr-es\/color-forma\/productos\/color-wear\/castanos-calidos\/marron-glaces\/marron-glaces-632-rubio-oscuro","asset":{"alt":null,"lowres":"\/sites\/default\/files\/styles\/lowres\/public\/media-image-p\/apm_colorwear_PF019806.png.webp?itok=xf2FcaYX","srcset":["\/sites\/default\/files\/media-image-p\/apm_colorwear_PF019806.png"],"src":"\/sites\/default\/files\/media-image-p\/apm_colorwear_PF019806.png","width":"1000","height":"1000","type":"image"}},{"id":"dada0f7d-496c-4f0f-b2b3-0aec4f89fc8a","name":"Marron Glac\u00e9s - 7.32 Rubio Medio Dorado Irisado","href":"https:\/\/www.alfaparfmilanopro.com\/cr-es\/color-forma\/productos\/color-wear\/castanos-calidos\/marron-glaces\/marron-glaces-732-rubio-medio","asset":{"alt":null,"lowres":"\/sites\/default\/files\/styles\/lowres\/public\/media-image-p\/apm_colorwear_PF019807.png.webp?itok=uv-Gh5MI","srcset":["\/sites\/default\/files\/media-image-p\/apm_colorwear_PF019807.png"],"src":"\/sites\/default\/files\/media-image-p\/apm_colorwear_PF019807.png","width":"1000","height":"1000","type":"image"}}]}]

Marrones Cálidos

Marron Glacés - 5.32 Castaño Claro Dorado Irisado

Marron Glacés - 6.32 Rubio Oscuro Dorado Irisado

Marron Glacés - 7.32 Rubio Medio Dorado Irisado
