[{"id":"e09a8b41-c45b-4081-a633-868194fcba80","label":"Marrones C\u00e1lidos","items":[{"id":"70781793-7116-4910-a8d2-1ea4b5b06e92","name":"Marron Glac\u00e9s - 5.32 Casta\u00f1o Claro Dorado Irisado","href":"https:\/\/www.alfaparfmilanopro.com\/sv-es\/color-forma\/productos\/color-wear\/castanos-calidos\/marron-glaces\/marron-glaces-532-castano-claro","asset":{"alt":null,"lowres":"\/sites\/default\/files\/styles\/lowres\/public\/media-image-p\/apm_colorwear_PF019805.png.webp?itok=DHNypYTp","srcset":["\/sites\/default\/files\/media-image-p\/apm_colorwear_PF019805.png"],"src":"\/sites\/default\/files\/media-image-p\/apm_colorwear_PF019805.png","width":"1000","height":"1000","type":"image"}},{"id":"c8c4e486-0f52-4526-bf0d-906c2ca9c488","name":"Marron Glac\u00e9s - 6.32 Rubio Oscuro Dorado Irisado","href":"https:\/\/www.alfaparfmilanopro.com\/sv-es\/color-forma\/productos\/color-wear\/castanos-calidos\/marron-glaces\/marron-glaces-632-rubio-oscuro","asset":{"alt":null,"lowres":"\/sites\/default\/files\/styles\/lowres\/public\/media-image-p\/apm_colorwear_PF019806.png.webp?itok=xf2FcaYX","srcset":["\/sites\/default\/files\/media-image-p\/apm_colorwear_PF019806.png"],"src":"\/sites\/default\/files\/media-image-p\/apm_colorwear_PF019806.png","width":"1000","height":"1000","type":"image"}},{"id":"1aad1b55-6887-4474-bc2f-af737a390f9f","name":"Marron Glac\u00e9s - 7.32 Rubio Medio Dorado Irisado","href":"https:\/\/www.alfaparfmilanopro.com\/sv-es\/color-forma\/productos\/color-wear\/castanos-calidos\/marron-glaces\/marron-glaces-732-rubio-medio","asset":{"alt":null,"lowres":"\/sites\/default\/files\/styles\/lowres\/public\/media-image-p\/apm_colorwear_PF019807.png.webp?itok=uv-Gh5MI","srcset":["\/sites\/default\/files\/media-image-p\/apm_colorwear_PF019807.png"],"src":"\/sites\/default\/files\/media-image-p\/apm_colorwear_PF019807.png","width":"1000","height":"1000","type":"image"}}]}]

Marrones Cálidos

Marron Glacés - 5.32 Castaño Claro Dorado Irisado

Marron Glacés - 6.32 Rubio Oscuro Dorado Irisado

Marron Glacés - 7.32 Rubio Medio Dorado Irisado
